en h(19) is divided by 27?
23
Let s = -495 - -852. Calculate the remainder when s is divided by 40.
37
Let c = 114 - 110. Let z(a) = a**3 - 4*a**2 - 4*a - 3. What is the remainder when c is divided by z(5)?
0
Let y(z) = -2*z**3 + 5*z**2 + 3*z + 4. Let g be y(-4). Let m be 9/4*g/15. Let o = 46 - m. What is the remainder when 62 is divided by o?
14
Let k(c) = 3*c. Let b(x) = 4*x**2 + 3*x - 3. Suppose -a + 3*a = -6. What is the remainder when b(a) is divided by k(3)?
6
Calculate the remainder when 126 is divided by 8/20 - (-316)/10.
30
Let b(r) = 3*r**2 - 6*r - 98. Calculate the remainder when b(8) is divided by 10 - 3/(-3)*-2.
6
What is the remainder when 140 is divided by (12 - (-5 + 12)) + 1*3?
4
What is the remainder when 492 is divided by (351/12 - 3) + (-8)/32?
24
Let x = 324 + -159. Let d = x - 18. Calculate the remainder when d is divided by 15.
12
Suppose 4*r - 11 = l - 0*r, -32 = -4*l - 3*r. Calculate the remainder when 2/(-7) - (-312)/14 is divided by l.
2
Suppose 8*j - 1632 = -9*j. Calculate the remainder when j is divided by 26.
18
Suppose 24 = p + 4*i + 2, 5*p + i - 34 = 0. Let t be p/4*4/3. Suppose -t*d + 38 = 2*h, 0 = h - 0*d - 4*d - 34. Calculate the remainder when 41 is divided by h.
19
Suppose 4*t - 198 - 70 = 0. What is the remainder when t is divided by 7?
4
Let v = 5 - -11. Suppose -4*h + 40 = -v. What is the remainder when 25 is divided by h?
11
Suppose 0 = -3*m - 2*x + 163, 0 = x - 2*x - 1. Let j = m + -44. Calculate the remainder when 75 is divided by j.
9
Suppose -4896 = -36*d + 4*d. What is the remainder when d is divided by 57?
39
Calculate the remainder when (-4)/(-14) + 864/14 is divided by ((-26)/(-156))/(4/456) - -3.
18
Suppose 6*f = 51 + 21. What is the remainder when 235 is divided by f?
7
Suppose 56 = 2*k + 2*t, -20*k + 135 = -15*k + 4*t. What is the remainder when 27 is divided by k?
4
Suppose -4*o + 155 + 301 = 0. Let q = -98 - -137. What is the remainder when o is divided by q?
36
Let d(y) = -y**3 - 7*y**2 - 7*y - 6. Let m be d(-6). Calculate the remainder when 15 is divided by 18/10*(5 - m).
6
Let u(v) = v**3 + 11*v**2 + 9. Let s be u(-11). Suppose -4*d = z - 24, s - 41 = -3*z - 4*d. Calculate the remainder when 17 is divided by z.
1
Let s(q) = -q + 3*q**2 + 0*q + q - 6. Calculate the remainder when 165 is divided by s(4).
39
Let g be (-15)/4 - 3/12. Let u = 6 - -20. Calculate the remainder when u is divided by (g*5/(-30))/((-4)/(-54)).
8
Let a(x) = -x + 54. Let o be a(17). Suppose 38 = 5*d - o. Calculate the remainder when 56 is divided by d.
11
Let o(p) = -8*p**2 + 6*p + 2. Let s(u) = -7*u**2 + 6*u + 2. Let n(c) = -6*o(c) + 7*s(c). What is the remainder when 38 is divided by n(4)?
8
Calculate the remainder when ((-2)/(-4))/((-29)/(-8120)) is divided by 53.
34
Let r = -48 - -148. What is the remainder when 498 is divided by r?
98
Let u = 1 - -7. Let z = 15 - u. Let o = z - 0. What is the remainder when 18 is divided by o?
4
Suppose 4*g - 33 = -25. Suppose -5*c = g*c - 1897. Calculate the remainder when c is divided by 16.
15
Suppose -3*w + 0*w - 6 = 3*c, 22 = 4*w - 2*c. Suppose -42 = -w*x + 3*i, -8 = -4*x + i + 45. What is the remainder when 37 is divided by x?
11
Let b = -798 + 833. What is the remainder when 185 is divided by b?
10
Let d be (-30)/(-9) - (-4)/6. Calculate the remainder when 16 is divided by 2*(d/(-6))/(8/(-36)).
4
Calculate the remainder when 116 is divided by (-192)/(-2016) + (-943)/(-21).
26
Let i = -38 + 49. Suppose -i*g + 4*g = -420. Calculate the remainder when g is divided by 23.
14
Let w = -94 + 99. Suppose b + 4*l = -l - 1, 2*b - 13 = w*l. Let r(t) = -t**2 + 8*t - 5. What is the remainder when b is divided by r(7)?
0
Let y(a) = 20*a**2 + a. Let c = -15 - -18. Suppose 0 = c*p - 15, 0*w + w - 5*p = -13. What is the remainder when y(1) is divided by w?
9
Let q(f) be the third derivative of f**6/60 - f**5/4 + f**4/3 + 5*f**3/6 - 5*f**2. Calculate the remainder when 57 is divided by q(7).
9
Suppose -11*x + 438 = -365. What is the remainder when x is divided by 38?
35
Let y = -23 + 31. Suppose 0 = -y*n + 3*n + 50. What is the remainder when 19 is divided by n?
9
Let t = 1081 - 909. Calculate the remainder when t is divided by 44.
40
Suppose -4*w = w - 25. Suppose -3*z - w*t = -58, -t - 3*t + 56 = 3*z. Suppose 0 = -4*l - 0 + 120. Calculate the remainder when l is divided by z.
14
Let s(l) = -2*l + 29. What is the remainder when 257 is divided by s(8)?
10
Let k(n) = n**3 + 12*n**2 + 13*n + 18. Let s be k(-11). What is the remainder when (-1 - -2)*s*100/(-10) is divided by 14?
12
Suppose -4*q + 11 = -3*m - 54, -3*q = 5*m - 27. Let v(l) = -l**2 - l + 27. Calculate the remainder when v(0) is divided by q.
13
Let t be 18 + (-6)/3 + -2. Let p = 24 - t. Suppose -z - p = -2*z. Calculate the remainder when 17 is divided by z.
7
Let q(m) = -38*m - 19. Let y be q(-2). Let k = y - 38. Calculate the remainder when 56 is divided by k.
18
Let d be 1 + -1 + 126/14. Suppose 2*t + 357 = d*t. Calculate the remainder when t is divided by 9.
6
Let i = 339 + -284. What is the remainder when i is divided by 50?
5
Suppose 0 = -x - 5*z - 8 + 6, -3*x + 2*z = -28. What is the remainder when 110 is divided by x?
6
Suppose -3*p + 9 = -0*p, -3*r = 2*p - 18. Let l be (-1 - 0)/(r/620). Let f = -93 - l. Calculate the remainder when f is divided by 16.
14
Let l = 158 - 127. Let f(c) = -6*c**2 - 4*c - 1. Let k(b) = -7*b**2 - 5*b - 2. Let h(g) = -6*f(g) + 5*k(g). Calculate the remainder when l is divided by h(4).
7
Let b be (-34 + -2 - -2)/1. Let k = 52 + b. What is the remainder when 34 is divided by k?
16
Let o(w) = -3*w**3 - 22*w**2 - 2*w + 2. Let p be o(-5). Let a = p - -220. Let u = 44 + -24. Calculate the remainder when a is divided by u.
17
Let a(p) = -p**3 + 5*p**2 - 2*p + 6. Let i be a(5). Let x = 17 + i. Suppose 14*w - x*w = 18. Calculate the remainder when 51 is divided by w.
15
Suppose -9*m + 0 = -27. Suppose 0 = 3*o - o + 2*k - 14, -m*o - 5*k + 15 = 0. Calculate the remainder when 29 is divided by o.
9
What is the remainder when (3 - 6 - -4)*(1 + 364) is divided by 74?
69
Let d(h) be the first derivative of 3*h**4/4 - h**3/3 + h**2 + 153*h - 48. What is the remainder when d(0) is divided by 22?
21
Suppose -c = 5*l - 17, -13 = 2*l - 15. What is the remainder when 68 is divided by c?
8
Suppose -5*x + n + 57 = -78, -4*n - 120 = -5*x. Calculate the remainder when 111 is divided by x.
27
Let r(m) be the second derivative of -m**5/20 + 5*m**4/6 - 3*m**3/2 + 11*m**2/2 + 2*m. Suppose -23 = -u + 17. Calculate the remainder when u is divided by r(9).
7
Suppose 0 = -2*z + 3*t - 4 + 14, 5 = z - 5*t. Suppose -4 = -7*p + z*p. What is the remainder when -3*p/(-3)*12 is divided by 13?
11
Let h(w) = 2*w**2 + 17*w + 52. Let k = -5 - -13. Calculate the remainder when h(-7) is divided by k.
7
Let u = -117 - -722. What is the remainder when u is divided by 32?
29
Let r(k) = -k**3 - 7*k**2 - k. Let v be r(-7). Suppose i = 22 - v. Calculate the remainder when i is divided by 9.
6
Suppose -18*b + 15*b + 12 = 0. Suppose -b*o = -0*x + 2*x - 102, 3*x = -2*o + 133. What is the remainder when 121 is divided by x?
39
Let z = 2682 - 1360. What is the remainder when z is divided by 53?
50
Let j(x) = x**3 - x**2 + 34. Suppose 58*p + 56 - 346 = 0. Calculate the remainder when j(0) is divided by p.
4
Let f(h) = -2*h + 1. Let l be f(5). Let p = l + 12. What is the remainder when -8*(-4*(-1)/4)/(-2) is divided by p?
1
Let m = 568 + -515. What is the remainder when 422 is divided by m?
51
Let q(p) = -p**3 - 9*p**2 + 18*p + 84. Suppose 2*t = -3*t + 10. Calculate the remainder when t/7 - (-94)/14 is divided by q(-10).
3
What is the remainder when 205 is divided by 1*(67/6 - (-19)/(-114))?
7
Let z = 50 + 60. Suppose -5*o - z = -5*a, 4*a - 2*o - 77 = 5. Calculate the remainder when 26 is divided by a.
7
Suppose -29*i - 1117 = -117*i - 149. Calculate the remainder when i is divided by 1 - 1 - -1 - -6.
4
Suppose 20 + 8 = 7*t. Suppose -36 - 16 = -t*v. Suppose -3*i = u - 238 - 24, -4*u = 20. Calculate the remainder when i is divided by v.
11
Let l = 24 - 5. Calculate the remainder when l is divided by -3*(-7)/((-84)/(-44)).
8
Calculate the remainder when ((-52)/8)/13*-94 is divided by (1*36)/4 + 3.
11
Suppose 5*d - 259 = 4*n, -5*n = -d + 2 + 33. Calcu